
67
Calculate the greatest common divisor of 474 and 6.
6
What is the highest common factor of 1188 and 44?
44
What is the greatest common divisor of 12 and 2502?
6
What is the greatest common divisor of 252 and 189?
63
What is the highest common factor of 17 and 901?
17
What is the greatest common divisor of 1200 and 4140?
60
Calculate the greatest common divisor of 144 and 112.
16
What is the highest common divisor of 2600 and 2200?
200
Calculate the greatest common factor of 396 and 252.
36
Calculate the greatest common divisor of 284 and 1278.
142
Calculate the greatest common divisor of 42820 and 20.
20
Calculate the highest common factor of 29375 and 25.
25
What is the greatest common factor of 259 and 56?
7
Calculate the highest common divisor of 8 and 548.
4
What is the greatest common divisor of 2492 and 168?
28
What is the greatest common factor of 146 and 5183?
73
What is the highest common divisor of 468 and 12?
12
Calculate the highest common divisor of 51 and 6.
3
Calculate the greatest common divisor of 9 and 27.
9
What is the highest common divisor of 17 and 221?
17
What is the greatest common factor of 9584 and 16?
16
What is the highest common factor of 54 and 576?
18
What is the greatest common factor of 63 and 144?
9
Calculate the greatest common divisor of 22 and 78.
2
Calculate the greatest common factor of 12 and 3.
3
What is the greatest common divisor of 121 and 11?
11
What is the highest common divisor of 4128 and 3354?
258
What is the highest common divisor of 121 and 484?
121
Calculate the highest common factor of 39 and 819.
39
Calculate the greatest common divisor of 515 and 25.
5
What is the greatest common factor of 96 and 72?
24
What is the highest common factor of 121 and 55?
11
Calculate the greatest common factor of 7512 and 96.
24
Calculate the greatest common factor of 7 and 91.
7
Calculate the greatest common divisor of 2526 and 12.
6
Calculate the highest common divisor of 90 and 360.
90
What is the greatest common divisor of 451 and 66?
11
Calculate the highest common factor of 335 and 3149.
67
What is the highest common divisor of 1150 and 20?
10
What is the greatest common divisor of 5604 and 36?
12
Calculate the greatest common divisor of 11 and 28.
1
Calculate the highest common divisor of 5302 and 11.
11
What is the greatest common divisor of 60 and 885?
15
Calculate the greatest common divisor of 345 and 138.
69
Calculate the highest common divisor of 54 and 12.
6
What is the highest common factor of 539 and 22?
11
Calculate the highest common divisor of 1729 and 665.
133
What is the greatest common factor of 36 and 3240?
36
What is the highest common divisor of 12 and 1524?
12
Calculate the highest common divisor of 205 and 15.
5
Calculate the highest common divisor of 90 and 315.
45
Calculate the highest common factor of 15 and 255.
15
What is the greatest common divisor of 42 and 371?
7
Calculate the greatest common divisor of 25221 and 21.
21
Calculate the greatest common divisor of 4 and 268.
4
What is the greatest common factor of 1692 and 54?
18
Calculate the greatest common factor of 1113 and 636.
159
What is the highest common divisor of 6 and 366?
6
What is the greatest common divisor of 32 and 19888?
16
Calculate the highest common divisor of 620 and 100.
20
Calculate the greatest common factor of 120 and 200.
40
What is the highest common divisor of 3 and 2661?
3
What is the greatest common factor of 4 and 106?
2
What is the greatest common divisor of 18 and 50?
2
What is the greatest common factor of 62 and 7254?
62
Calculate the highest common factor of 5506 and 2.
2
What is the greatest common factor of 111 and 4625?
37
What is the highest common factor of 142 and 16?
2
Calculate the highest common factor of 1152 and 504.
72
Calculate the highest common factor of 1480 and 40.
40
What is the greatest common factor of 612 and 153?
153
Calculate the greatest common divisor of 441 and 4704.
147
Calculate the highest common divisor of 9 and 3747.
3
Calculate the highest common factor of 1826 and 415.
83
What is the greatest common factor of 29406 and 174?
174
What is the highest common divisor of 429 and 1573?
143
What is the highest common divisor of 2444 and 1316?
188
Calculate the highest common factor of 112 and 21.
7
What is the greatest common divisor of 1700 and 408?
68
Calculate the highest common divisor of 1029 and 7.
7
Calculate the greatest common divisor of 56 and 1736.
56
What is the highest common divisor of 117 and 18?
9
Calculate the greatest common divisor of 104 and 21905.
13
What is the highest common divisor of 119 and 791?
7
Calculate the greatest common factor of 702 and 1950.
78
What is the highest common factor of 192 and 42?
6
What is the highest common factor of 155 and 31?
31
What is the greatest common factor of 1280 and 10?
10
What is the highest common divisor of 10 and 530?
10
What is the greatest common divisor of 1385 and 5?
5
Calculate the highest common factor of 624 and 5018.
26
Calculate the highest common factor of 490 and 910.
70
Calculate the greatest common factor of 970 and 10.
10
What is the greatest common factor of 20 and 1450?
10
Calculate the highest common factor of 1830 and 30.
30
Calculate the greatest common factor of 78 and 26.
26
Calculate the greatest common divisor of 2449 and 837.
31
Calculate the highest common divisor of 69 and 368.
23
Calculate the highest common divisor of 250 and 30.
10
Calculate the greatest common divisor of 380 and 8.
4
What is the highest common factor of 63 and 336?
21
Calculate the greatest common divisor of 5724 and 81.
27
Calculate the greatest common factor of 77 and 473.
11
What is the highest common divisor of 10 and 3040?
10
Calculate the greatest common factor of 129 and 301.
43
What is the highest common factor of 897 and 13?
13
What is the greatest common divisor of 130 and 50?
10
What is the highest common factor of 711 and 9?
9
What is the highest common divisor of 16 and 7336?
8
Calculate the greatest common factor of 4484 and 3186.
118
What is the greatest common factor of 1518 and 66?
66
What is the highest common divisor of 4541 and 38?
19
Calculate the greatest common factor of 128 and 112.
16
Calculate the highest common divisor of 44 and 330.
22
Calculate the greatest common divisor of 333 and 24.
3
Calculate the highest common factor of 1302 and 280.
14
Calculate the greatest common divisor of 275 and 715.
55
What is the highest common divisor of 6832 and 112?
112
Calculate the highest common divisor of 3856 and 16.
16
What is the highest common divisor of 915 and 15?
15
What is the greatest common divisor of 600 and 84?
12
Calculate the highest common divisor of 6 and 98.
2
Calculate the greatest common factor of 208 and 299.
13
Calculate the greatest common divisor of 2155 and 95.
5
Calculate the greatest common factor of 24 and 744.
24
What is the highest common divisor of 511 and 14?
7
What is the greatest common factor of 47 and 329?
47
Calculate the highest common factor of 54 and 702.
54
What is the greatest common factor of 99 and 5247?
99
Calculate the greatest common divisor of 72 and 252.
36
Calculate the highest common divisor of 123 and 369.
123
Calculate the highest common factor of 1080 and 48.
24
What is the greatest common divisor of 232 and 87?
29
What is the highest common factor of 21 and 525?
21
What is the greatest common divisor of 12 and 192?
12
What is the greatest common divisor of 1 and 179?
1
What is the highest common divisor of 5 and 405?
5
Calculate the highest common factor of 19300 and 500.
100
What is the highest common factor of 33 and 15279?
33
What is the highest common factor of 1539 and 969?
57
What is the highest common divisor of 3 and 57?
3
What is the greatest common divisor of 340 and 140?
20
What is the highest common divisor of 156 and 130?
26
Calculate the greatest common factor of 374 and 238.
34
Calculate the highest common factor of 132 and 429.
33
Calculate the greatest common factor of 15 and 32415.
15
Calculate the highest common factor of 195 and 741.
39
Calculate the greatest common divisor of 1336 and 8.
8
Calculate the greatest common divisor of 5870 and 10.
10
What is the highest common divisor of 22139 and 262?
131
Calcula